{"id":2,"date":"2021-10-10T17:37:55","date_gmt":"2021-10-10T15:37:55","guid":{"rendered":"http:\/\/orto-lekarska.cz\/?page_id=2"},"modified":"2024-06-10T19:03:31","modified_gmt":"2024-06-10T17:03:31","slug":"zkusebni-stranka","status":"publish","type":"page","link":"https:\/\/orto-lekarska.cz\/","title":{"rendered":"Komplexn\u00ed ortodontick\u00e1 p\u00e9\u010de"},"content":{"rendered":"\n<p>V na\u0161\u00ed ordinaci nab\u00edz\u00edme komplexn\u00ed ortodontickou p\u00e9\u010di.<\/p>\n\n\n\n<blockquote class=\"wp-block-quote is-layout-flow wp-block-quote-is-layout-flow\">\n<p>Smluvn\u00ed poji\u0161\u0165ovny: VZP, VoZP, \u010cPZP, OZP, ZPMV, RBP<\/p>\n<\/blockquote>\n\n\n\n<p>Od 1. 1. 2023 jsou pacienti nad 22 let v\u011bku ze z\u00e1kona vy\u0159azeni ze zdravotn\u00edho poji\u0161t\u011bn\u00ed pro obor ortodoncie. St\u00e1vaj\u00ed se tzv. samopl\u00e1tci.<span style=\"font-size: 0.8125em;\"><\/span><\/p>\n","protected":false},"excerpt":{"rendered":"<p>V na\u0161\u00ed ordinaci nab\u00edz\u00edme komplexn\u00ed ortodontickou p\u00e9\u010di. Smluvn\u00ed poji\u0161\u0165ovny: VZP, VoZP, \u010cPZP, OZP, ZPMV, RBP Od 1. 1. 2023 jsou pacienti nad 22 let v\u011bku ze z\u00e1kona vy\u0159azeni ze zdravotn\u00edho poji\u0161t\u011bn\u00ed pro obor ortodoncie. St\u00e1vaj\u00ed se tzv. samopl\u00e1tci.<\/p>\n","protected":false},"author":1,"featured_media":0,"parent":0,"menu_order":0,"comment_status":"closed","ping_status":"open","template":"","meta":{"_monsterinsights_skip_tracking":false,"_monsterinsights_sitenote_active":false,"_monsterinsights_sitenote_note":"","_monsterinsights_sitenote_category":0,"footnotes":""},"class_list":["post-2","page","type-page","status-publish","hentry"],"_links":{"self":[{"href":"https:\/\/orto-lekarska.cz\/index.php?rest_route=\/wp\/v2\/pages\/2"}],"collection":[{"href":"https:\/\/orto-lekarska.cz\/index.php?rest_route=\/wp\/v2\/pages"}],"about":[{"href":"https:\/\/orto-lekarska.cz\/index.php?rest_route=\/wp\/v2\/types\/page"}],"author":[{"embeddable":true,"href":"https:\/\/orto-lekarska.cz\/index.php?rest_route=\/wp\/v2\/users\/1"}],"replies":[{"embeddable":true,"href":"https:\/\/orto-lekarska.cz\/index.php?rest_route=%2Fwp%2Fv2%2Fcomments&post=2"}],"version-history":[{"count":6,"href":"https:\/\/orto-lekarska.cz\/index.php?rest_route=\/wp\/v2\/pages\/2\/revisions"}],"predecessor-version":[{"id":145,"href":"https:\/\/orto-lekarska.cz\/index.php?rest_route=\/wp\/v2\/pages\/2\/revisions\/145"}],"wp:attachment":[{"href":"https:\/\/orto-lekarska.cz\/index.php?rest_route=%2Fwp%2Fv2%2Fmedia&parent=2"}],"curies":[{"name":"wp","href":"https:\/\/api.w.org\/{rel}","templated":true}]}}

Komplexní ortodontická péče

<p>V naší ordinaci nabízíme komplexní ortodontickou péči.</p>



<blockquote class="wp-block-quote is-layout-flow wp-block-quote-is-layout-flow">
<p>Smluvní pojišťovny: VZP, VoZP, ČPZP, OZP, ZPMV, RBP</p>
</blockquote>



<p>Od 1. 1. 2023 jsou pacienti nad 22 let věku ze zákona vyřazeni ze zdravotního pojištění pro obor ortodoncie. Stávají se tzv. samoplátci.<span style="font-size: 0.8125em;"></span></p>

<p>V naší ordinaci nabízíme komplexní ortodontickou péči. Smluvní pojišťovny: VZP, VoZP, ČPZP, OZP, ZPMV, RBP Od 1. 1. 2023 jsou pacienti nad 22 let věku ze zákona vyřazeni ze zdravotního pojištění pro obor ortodoncie. Stávají se tzv. samoplátci.</p>
